{"id":3,"date":"2023-03-12T19:51:09","date_gmt":"2023-03-12T19:51:09","guid":{"rendered":"https:\/\/capitalyfondeo.com\/?page_id=3"},"modified":"2023-10-31T14:58:16","modified_gmt":"2023-10-31T14:58:16","slug":"politica_privacidad","status":"publish","type":"page","link":"https:\/\/capitalyfondeo.com\/index.php\/politica_privacidad\/","title":{"rendered":"Pol\u00edtica de Privacidad"},"content":{"rendered":"\n<h2 class=\"wp-block-heading\">Pol\u00edtica de privacidad y uso de datos<\/h2>\n\n\n\n<p>En t\u00e9rminos de lo previsto en la Ley Federal de Protecci\u00f3n de Datos Personales en Posesi\u00f3n de los Particulares (en lo sucesivo denominada como \u201cla Ley\u201d), \u2018\u2018CAPITAL &amp; FONDEO MEXICO\u2019, establece el presente Aviso de Privacidad de conformidad con lo siguiente:<\/p>\n\n\n\n<p>El presente Aviso de Privacidad tiene por objeto la protecci\u00f3n de los datos personales de los CLIENTES, mediante su tratamiento leg\u00edtimo, controlado e informado, a efecto de garantizar su privacidad, as\u00ed como tu derecho a la autodeterminaci\u00f3n informativa.<\/p>\n\n\n\n<p>Dato Personal es Cualquier informaci\u00f3n concerniente a una persona f\u00edsica identificada o identificable; el responsable de recabar los datos personales es el \u00e1rea de atenci\u00f3n preuniversitaria, posgrado y extensi\u00f3n (procesos de promoci\u00f3n e inscripci\u00f3n de alumnos); el \u00e1rea de administraci\u00f3n escolar (una vez que los alumnos se hayan inscrito formalmente); y el \u00e1rea de recursos humanos (para personal directivo, docente y administrativo).<\/p>\n\n\n\n<p>El domicilio de \u2018\u2018CAPITAL &amp; FONDEO MEXICO\u2019\u2019 y del \u00e1rea responsable, es el mismo que tiene registrada \u2018\u2018CAPITAL &amp; FONDEO MEXICO&#8221; ante la Secretar\u00eda de Hacienda y cr\u00e9dito p\u00fablico.<\/p>\n\n\n\n<p>Al proporcionar tus Datos Personales por escrito, a trav\u00e9s de una solicitud, formato en papel, formato digital, correo electr\u00f3nico, o cualquier otro documento, aceptas y autorizas a \u2018\u2018CAPITAL &amp; FONDEO MEXICO\u2019\u2019 a utilizar y tratar de forma automatizada tus datos personales e informaci\u00f3n suministrados, los cuales formar\u00e1n parte de nuestra base de datos con la finalidad de usarlos, en forma enunciativa, m\u00e1s no limitativa, para: identificarte, ubicarte, comunicarte, contactarte, enviarte informaci\u00f3n y\/o bienes, as\u00ed como para enviarlos y\/o transferirlos a terceros, dentro y fuera del territorio nacional, por cualquier medio que permita la ley para cumplir con nuestros fines sociales.<\/p>\n\n\n\n<p>Mediante la aceptaci\u00f3n y autorizaci\u00f3n para el tratamiento de tus datos personales en los t\u00e9rminos antes se\u00f1alados, nos facultas expresamente a transferirlos a autoridades de cualquier nivel (Federales, Estatales, Municipales), organismos p\u00fablicos y privados, diversas empresas y\/o personas f\u00edsicas, dentro y fuera de M\u00e9xico y nos autorizas a poder emitir y entregar documentaci\u00f3n oficial o no, a tus familiares y\/o representantes legales.<\/p>\n\n\n\n<p>La temporalidad del manejo de tus Datos Personales ser\u00e1 indefinida a partir de la fecha en que nos los proporciones, pudiendo oponerte al manejo de los mismos en cualquier momento que lo consideres oportuno, con las limitaciones de Ley; en caso de que tu solicitud de oposici\u00f3n sea procedente, \u2018\u2018CAPITAL &amp; FONDEO MEXICO\u2019\u2019 dejar\u00e1 de manejar tus Datos Personales sin ninguna responsabilidad de nuestra parte.<\/p>\n\n\n\n<p>El \u00e1rea de \u2018\u2018CAPITAL &amp; FONDEO MEXICO\u2019\u2019 responsable del tratamiento de tus datos personales, est\u00e1 obligada a cumplir con los principios de licitud, consentimiento, informaci\u00f3n, calidad, finalidad, lealtad, proporcionalidad y responsabilidad tutelados en la Ley; por tal motivo con fundamento en los art\u00edculos 13 y 14 de la Ley, as\u00ed como a mantener las medidas de seguridad administrativas, t\u00e9cnicas y f\u00edsicas que permitan protegerlos contra cualquier da\u00f1o, p\u00e9rdida, alteraci\u00f3n, acceso o tratamiento no autorizado.<\/p>\n\n\n\n<p>En t\u00e9rminos de lo establecido por el art\u00edculo 22 de la Ley, tienes derecho en cualquier momento a ejercer tus derechos de acceso, rectificaci\u00f3n, cancelaci\u00f3n y oposici\u00f3n (derechos ARCO) al tratamiento de tus datos personales a partir del 6 de enero del 2012, mediante la solicitud v\u00eda correo electr\u00f3nico dirigido a \u2018\u2018CAPITAL&amp;FONDEO M\u00c9XICO S.A DE C.V SOFOM ENTIDAD NO REGULADA\u2019\u2019 atncliente@capitalyfondeo.com o al tel\u00e9fono 01 800 890 90 42; estableciendo como asunto del correo &#8220;Derechos ARCO:<\/p>\n\n\n\n<h2 class=\"wp-block-heading\">T\u00e9rminos y condiciones de plataformas digitales<\/h2>\n\n\n\n<p>Gracias por utilizar nuestros productos y servicios (\u201cServicios\u201d). Los Servicios son proporcionados por Capital&amp;Fondeo Mexico(\u201cCAPITAL &amp; FONDEO MEXICO\u201d), ubicado en Privada Vire #2 int 1, Col Centro, Atlacomulco Mexico, Mexico.<\/p>\n\n\n\n<p>Mediante la utilizaci\u00f3n de nuestros Servicios usted est\u00e1 aceptando estas condiciones. Por favor, l\u00e9alas detenidamente.<\/p>\n\n\n\n<p>Nuestros Servicios son muy diversos, de modo que en ocasiones podr\u00edan ser aplicables condiciones adicionales u otros requisitos (incluidos los requisitos de edad). Las condiciones adicionales estar\u00e1n disponibles junto con los Servicios pertinentes y formar\u00e1n parte de su contrato con nosotros al utilizar tales Servicios.<\/p>\n\n\n\n<h2 class=\"wp-block-heading\">Uso de nuestros Servicios<\/h2>\n\n\n\n<p>Debe seguir las pol\u00edticas disponibles para usted dentro de los Servicios.<\/p>\n\n\n\n<p>No utilice nuestros Servicios de forma indebida. Por ejemplo, no interfiera en nuestros Servicios ni intente acceder a ellos por otro m\u00e9todo diferente a la interfaz y las instrucciones que le proporcionamos. Puede utilizar nuestros Servicios solo como se permite por ley, incluidas las leyes y regulaciones correspondientes de control de exportaci\u00f3n y reexportaci\u00f3n. Podremos suspender o dejar de proveerle nuestros Servicios si usted incumple nuestras condiciones o pol\u00edticas o si estamos investigando una presunta conducta indebida.<\/p>\n\n\n\n<p>El uso de nuestros Servicios no otorga derecho de propiedad intelectual alguno sobre nuestros Servicios o contenido al que acceda. No podr\u00e1 utilizar el contenido de nuestros Servicios a menos que obtenga el permiso de su propietario o que ello est\u00e9 permitido por ley. Estas condiciones no le otorgan el derecho de utilizar marca o logotipo alguno utilizado en nuestros Servicios. No elimine, oculte ni modifique ning\u00fan aviso legal mostrado en nuestros Servicios o junto a ellos.<\/p>\n\n\n\n<p>Nuestros Servicios muestran cierto contenido que no pertenece a CAPITAL &amp; FONDEO MEXICO. Dicho contenido es responsabilidad exclusiva de la entidad que lo pone a disposici\u00f3n. Podremos revisar contenido para determinar si es ilegal o si infringe nuestras pol\u00edticas, y podremos eliminar o rechazar la visualizaci\u00f3n de contenido que razonablemente consideremos que infringe nuestras pol\u00edticas o la ley. Sin embargo, esto no significa que revisemos contenido, por lo que no debe suponer que lo haremos.<\/p>\n\n\n\n<p>En relaci\u00f3n con su uso de los Servicios, podremos enviarle anuncios del servicio, mensajes administrativos y otra informaci\u00f3n. Usted podr\u00e1 rechazar algunas de dichas comunicaciones.<\/p>\n\n\n\n<p>Algunos de nuestros Servicios est\u00e1n disponibles en dispositivos m\u00f3viles. No utilice estos Servicios de un modo que pueda distraerlo y que le impida cumplir con las leyes de tr\u00e1nsito o seguridad.<\/p>\n\n\n\n<h2 class=\"wp-block-heading\">Su contenido en nuestros Servicios<\/h2>\n\n\n\n<p>Algunos de nuestros Servicios le permiten subir, almacenar, enviar o recibir contenido. Usted conservar\u00e1 los derechos de propiedad intelectual que posea sobre dicho contenido. En resumen, lo que le pertenece a usted, contin\u00faa siendo suyo.<\/p>\n\n\n\n<p>Cuando suba, ingrese, almacene, env\u00ede o reciba contenido a nuestros Servicios o a trav\u00e9s de ellos, otorgar\u00e1 a CAPITAL &amp; FONDEO MEXICO (y a aquellos con quienes trabajamos) una licencia internacional para utilizar, alojar, almacenar, reproducir, modificar, crear obras derivadas (como las traducciones, adaptaciones o modificaciones que hacemos para que su contenido funcione mejor con nuestros Servicios), comunicar, publicar, ejecutar p\u00fablicamente y distribuir dicho contenido. Los derechos que usted otorga en esta licencia son para el objetivo limitado de operar, promocionar y mejorar nuestros Servicios, y para desarrollar otros nuevos. Esta licencia subsistir\u00e1 a\u00fan cuando usted deje de utilizar nuestros Servicios. Algunos Servicios pueden ofrecerle distintas maneras de acceder y eliminar contenido que se haya proporcionado para ese Servicio. Adem\u00e1s, en algunos de nuestros Servicios, hay condiciones o par\u00e1metros de configuraci\u00f3n que limitan el alcance de nuestro uso del contenido provisto en aquellos Servicios. Aseg\u00farese de tener los derechos necesarios para otorgarnos esta licencia para cualquier contenido que env\u00ede a nuestros Servicios.<\/p>\n\n\n\n<p>Nuestros sistemas automatizados analizan el contenido (incluidos los correos electr\u00f3nicos) para proporcionarle funciones de productos que sean relevantes para usted, como la publicaci\u00f3n de anuncios y resultados de b\u00fasqueda personalizados y la detecci\u00f3n de spam y software malicioso. Este an\u00e1lisis se realiza mientras el contenido se env\u00eda, recibe y cuando se almacena.<\/p>\n\n\n\n<p>Si tiene una cuenta de CAPITAL &amp; FONDEO MEXICO, es posible que mostremos su nombre de Perfil, su foto de Perfil y las acciones que realiza en CAPITAL &amp; FONDEO MEXICO o en aplicaciones de terceros conectadas a su cuenta de CAPITAL &amp; FONDEO MEXICO en nuestros Servicios, incluida la aparici\u00f3n en anuncios y otros contextos comerciales. Respetaremos las decisiones que tome para limitar la configuraci\u00f3n del uso compartido o del nivel de visibilidad en su cuenta de CAPITAL &amp; FONDEO MEXICO. Por ejemplo, puede configurar su cuenta de manera que su nombre y su foto no aparezcan en un anuncio.<\/p>\n\n\n\n<p>Usted puede encontrar m\u00e1s informaci\u00f3n sobre el modo en que CAPITAL &amp; FONDEO MEXICO utiliza y almacena contenido en la pol\u00edtica de privacidad o en las condiciones adicionales de Servicios espec\u00edficos. Si usted env\u00eda comentarios o sugerencias sobre nuestros Servicios, podremos utilizarlos sin ninguna obligaci\u00f3n hacia usted.<\/p>\n\n\n\n<h2 class=\"wp-block-heading\">Responsabilidad por nuestros Servicios<\/h2>\n\n\n\n<p>Si la ley lo permite, CAPITAL &amp; FONDEO MEXICO y sus proveedores y distribuidores no ser\u00e1n responsables por lucro cesante, p\u00e9rdida de ganancias, de datos o financieras, ni por da\u00f1os indirectos, especiales, emergentes, ejemplares o punitorios.<\/p>\n\n\n\n<p>En la medida permitida por ley, la responsabilidad total de CAPITAL &amp; FONDEO MEXICO y de sus proveedores y distribuidores por cualquier reclamo en virtud de las presentes condiciones, incluida cualquier garant\u00eda impl\u00edcita, estar\u00e1 limitada al monto abonado por usted para utilizar los Servicios (o a proveerle los Servicios nuevamente, si as\u00ed lo elegimos).<\/p>\n\n\n\n<p>En ning\u00fan caso CAPITAL &amp; FONDEO MEXICO y sus proveedores y distribuidores ser\u00e1n responsables por p\u00e9rdidas o da\u00f1os que no sean razonablemente previsibles.<\/p>\n\n\n\n<p>CAPITAL &amp; FONDEO MEXICO reconoce que en algunos pa\u00edses usted podr\u00eda tener derechos reconocidos por ley que le correspondan como consumidor. Si usted utiliza los Servicios para fines personales, ninguna de las disposiciones incluidas en las presentes condiciones o en condiciones adicionales limitar\u00e1 ning\u00fan derecho legal como consumidor al que no pueda renunciarse contractualmente.<\/p>\n\n\n\n<h2 class=\"wp-block-heading\">Acerca de estas Condiciones<\/h2>\n\n\n\n<p>Podremos modificar las presentes condiciones o las condiciones adicionales aplicables a un Servicio para, por ejemplo, reflejar cambios en las leyes o en nuestros Servicios. Usted debe revisar las condiciones peri\u00f3dicamente. Publicaremos avisos sobre las modificaciones a estos t\u00e9rminos en esta p\u00e1gina. Publicaremos avisos sobre las condiciones adicionales modificadas, en el Servicio correspondiente. Las modificaciones no se aplicar\u00e1n retroactivamente y entrar\u00e1n en vigencia no antes de catorce d\u00edas despu\u00e9s de su publicaci\u00f3n. Sin embargo, las modificaciones que reflejan nuevas funciones de un Servicio o las modificaciones realizadas por razones legales entrar\u00e1n en vigencia de forma inmediata. Si no acepta las condiciones modificadas en un Servicio, deber\u00eda cancelar el uso de dicho Servicio.<\/p>\n\n\n\n<p>En caso de haber un conflicto entre estas condiciones y las condiciones adicionales, las condiciones adicionales prevalecer\u00e1n en todo lo relativo a ese conflicto.<\/p>\n\n\n\n<p>Estas condiciones gobiernan la relaci\u00f3n entre CAPITAL &amp; FONDEO MEXICO y usted, y no generan ning\u00fan tipo de derechos a favor de terceros.<\/p>\n\n\n\n<p>Si usted no cumple estas condiciones, y nosotros no tomamos acci\u00f3n inmediata, ello no implica renuncia alguna a cualquier derecho que pudiera correspondernos (como iniciar una acci\u00f3n en el futuro).<\/p>\n\n\n\n<p>Si cualquier disposici\u00f3n de estas condiciones resultare inejecutable, ello no afectar\u00e1 la validez del resto de las condiciones.<\/p>\n\n\n\n<p>Los tribunales de algunos pa\u00edses no aplicar\u00e1n las leyes de M\u00e9xico a cierto tipo de controversias. Si usted reside en alguno de esos pa\u00edses, las leyes de su pa\u00eds ser\u00e1n aplicables para dichas controversias en los casos en que las leyes de M\u00e9xico queden excluidas en relaci\u00f3n con las presentes condiciones. De lo contrario, usted acepta que las leyes de M\u00e9xico, excluyendo los conflictos de leyes de M\u00e9xico, se aplicar\u00e1n a cualquier controversia que surja o se relacione con las presentes condiciones o los Servicios. Asimismo, si los tribunales de su pa\u00eds no permiten que usted se someta a la competencia y jurisdicci\u00f3n de los tribunales de Atlacomulco, estado de mexico Mexico, entonces se aplicar\u00e1 la competencia y jurisdicci\u00f3n locales a dichas controversias relacionadas con las presentes condiciones.<\/p>\n\n\n\n<p>De lo contrario, todos los reclamos que surjan o se relacionen con las presentes condiciones o los servicios se deber\u00e1n presentar exclusivamente en los tribunales federales o estatales de Atlacomulco, estado de mexico Mexico, y usted y CAPITAL &amp; FONDEO MEXICO aceptan someterse a la jurisdicci\u00f3n personal de dichos tribunales.<\/p>\n","protected":false},"excerpt":{"rendered":"<p>Pol\u00edtica de privacidad y uso de datos En t\u00e9rminos de lo previsto en la Ley Federal de Protecci\u00f3n de Datos Personales en Posesi\u00f3n de los Particulares (en lo sucesivo denominada como \u201cla Ley\u201d), \u2018\u2018CAPITAL &amp; FONDEO MEXICO\u2019, establece el presente Aviso de Privacidad de conformidad con lo siguiente: El presente Aviso de Privacidad tiene por [&hellip;]<\/p>\n","protected":false},"author":1,"featured_media":0,"parent":0,"menu_order":0,"comment_status":"closed","ping_status":"closed","template":"","meta":{"footnotes":""},"class_list":["post-3","page","type-page","status-publish","hentry"],"_links":{"self":[{"href":"https:\/\/capitalyfondeo.com\/index.php\/wp-json\/wp\/v2\/pages\/3","targetHints":{"allow":["GET"]}}],"collection":[{"href":"https:\/\/capitalyfondeo.com\/index.php\/wp-json\/wp\/v2\/pages"}],"about":[{"href":"https:\/\/capitalyfondeo.com\/index.php\/wp-json\/wp\/v2\/types\/page"}],"author":[{"embeddable":true,"href":"https:\/\/capitalyfondeo.com\/index.php\/wp-json\/wp\/v2\/users\/1"}],"replies":[{"embeddable":true,"href":"https:\/\/capitalyfondeo.com\/index.php\/wp-json\/wp\/v2\/comments?post=3"}],"version-history":[{"count":2,"href":"https:\/\/capitalyfondeo.com\/index.php\/wp-json\/wp\/v2\/pages\/3\/revisions"}],"predecessor-version":[{"id":119,"href":"https:\/\/capitalyfondeo.com\/index.php\/wp-json\/wp\/v2\/pages\/3\/revisions\/119"}],"wp:attachment":[{"href":"https:\/\/capitalyfondeo.com\/index.php\/wp-json\/wp\/v2\/media?parent=3"}],"curies":[{"name":"wp","href":"https:\/\/api.w.org\/{rel}","templated":true}]}}